. Let l be k(1). Suppose 2*r + 28 = -0*b - 4*b, b = l*r + 11. What is the units digit of (-4)/r + 85 + 3?
9
Let k be 3/((-3)/2) + 5. Suppose 0 = x - k*z - 26, x = 5*x + z - 39. Suppose -x*t + 4*t = -420. What is the units digit of t?
0
Suppose 0 = 215*p - 214*p - 3049. Suppose 42*o - p = 12743. What is the units digit of o?
6
Let f = -14 + 23. Let n be (-5)/5*(-1 + f/(-3)). Suppose -n*y + 3*y = -34. What is the units digit of y?
4
Let s(j) = -j**2 - 16*j - 1. Let a be s(-16). Let c be (3 - 0)*-1*a. What is the units digit of ((-7)/(21/(-2)))/(c/117)?
6
Suppose f - x = -f + 248, 0 = 5*f - 3*x - 619. What is the tens digit of (-48296)/(-50) - (-10)/f?
6
Let z(d) = -d - 156. Let i(a) = -78. Let u be (-3)/(-5) - (-56)/40. Let n(y) = u*z(y) - 5*i(y). What is the units digit of n(0)?
8
Let q = -103 - -206. Let p = 339 - q. What is the tens digit of p?
3
Let s(p) = 6*p + 1. Let i be s(3). Let m = -25 + i. Let g = m + 27. What is the units digit of g?
1
Let h be -5 - (5/(-1))/1. Suppose h*f - 27 = -5*y - 2*f, -10 = -y - 5*f. Suppose 5*p + o = 660, 3*p - y*o + 158 = 554. What is the hundreds digit of p?
1
Let r = 393 + -83. Let k = -102 + r. What is the hundreds digit of k?
2
Suppose 2*i = 4*g - 14, -3*g + 2*g + 8 = 4*i. Let q be g/10 + 143/5 + -2. Let l = 93 - q. What is the units digit of l?
6
Let b(m) = 36*m**2 - m - 6. Let k be b(-2). Suppose 11*o - k = 7*o. Suppose 0 = -0*y - 5*y + o. What is the units digit of y?
7
Suppose 9 = 3*h - 3. Suppose 3*y - 786 = -3*g, -h*y + 2*g = 5*g - 1047. Let m = -144 + y. What is the tens digit of m?
1
Let j(g) = -2095*g - 1010. What is the ten thousands digit of j(-7)?
1
Let d = -326 + 337. Suppose -26*p = -d*p - 5625. What is the units digit of p?
5
Let o = 55 - 98. Let a = o + 48. Suppose -4*q - m + 869 = 0, a*q - 4*q - 5*m = 233. What is the units digit of q?
8
Suppose 2*u + 29 = k + 82, 0 = -2*u + 2*k + 50. Suppose 2*q + 5*h - u = 0, -3*q = -4*q - 3*h + 15. What is the tens digit of ((-6)/q)/(1340/(-444) + 3)?
3
What is the thousands digit of 1*23/((-299)/(-137475))?
0
Suppose -5*b + 10*b - 5*o - 135 = 0, 0 = 2*b - 4*o - 48. Let g = b + -26. Suppose g*w = -w + 330. What is the units digit of w?
6
Suppose 30*r + 712 = 26*r. Let k = -95 - r. What is the units digit of k?
3
Let z(x) = -x**3 - 34*x**2 - 16*x + 259. What is the tens digit of z(-37)?
5
Let m(c) = -c**2 - 2*c + 17. Let o be m(-5). Let q(l) = 27*l - 4 - 7*l + 0*l**2 + 3*l**2 - 4*l**o. What is the tens digit of q(12)?
9
Let w = 31203 - 12628. What is the hundreds digit of w?
5
Let f(u) = -u**3 + 9*u**2 + 8*u + 13. Let w(y) = -y**3 - 5*y**2 - 9*y + 1. Let x be w(-3). Let n be f(x). What is the units digit of -4*((-14)/(-4))/n?
2
Let m(t) = 31*t - t - 9*t**2 - 3*t**2 + 4*t**3 - 5*t**3 + 27. What is the tens digit of m(-15)?
5
Let d = 5908 - 5902. Let u(h) be the second derivative of -h**5/20 + 3*h**4/4 - 7*h**3/6 - 2*h**2 - h. What is the tens digit of u(d)?
6
Suppose -6595 - 11186 = -2*v + 5*f, -v + 8863 = 3*f. What is the tens digit of v?
7
Let w = -1505 + 1507. Let m = 127 - 73. Suppose w*d + m = q + 7*d, 5*q - 380 = -3*d. What is the units digit of q?
9
Suppose -67*s + 629105 - 200444 = -679519. What is the hundreds digit of s?
5
Let m be 2/(-4*3/(-18)) - 1. Suppose -m*v - 3*g - 21 = v, 0 = -v + 4*g + 3. Let c(t) = -2*t**3 - 6*t**2 + 5*t + 7. What is the units digit of c(v)?
2
Let y(x) = x**2 + x + 45. Let r be y(0). Suppose -d = 4*d - r. Suppose -3*j = -30 - d. What is the tens digit of j?
1
Suppose -4*n = -324 + 296, -3472 = -k - 3*n. What is the thousands digit of k?
3
Suppose 5*h = -f + 862, 840 + 914 = 2*f - 5*h. Suppose -103 = -3*n + f. What is the tens digit of n?
2
Let j be (-28569)/8 + ((-279)/72 - -4). Let b = -2442 - j. What is the thousands digit of b?
1
Suppose 0 = -3*p - 5*w + 161, 8*w - 12*w + 277 = 5*p. Suppose 54*a = p*a - 1506. What is the hundreds digit of a?
5
Let t(b) = -b**2 - 3*b + 9. Let g be t(-6). Let l be (-40)/(-6) - (39/g - -4). Let o(x) = -x**3 + 10*x**2 - 8*x + 1. What is the tens digit of o(l)?
9
Suppose w - 6*w + 118 = -3*u, 3*u = -3*w + 90. Suppose -w*x + 24*x = -1948. What is the hundreds digit of x?
9
Let z(a) = 7*a**2 - 7*a + 4. Let u be z(6). Let j = 226 - 223. Suppose -2*v + 79 = -4*w - 339, v = j*w + u. What is the hundreds digit of v?
1
Suppose 0 = 152*p + 781986 - 7309018. What is the units digit of p?
1
Suppose -3*b = -0*b + 4*z - 1682, 1685 = 3*b + z. Let k(a) = -4*a + b*a**3 + 5*a**2 - 561*a**3 - 14 + 3*a**2. What is the units digit of k(-8)?
8
Let q(f) = -2*f**2 + 4*f + 11. Let z(s) = 2*s**2 - 5*s - 12. Let t(w) = -7*q(w) - 6*z(w). Let y be t(-3). Suppose -y*m + 13 = -1. What is the units digit of m?
2
What is the units digit of (13227 + -50)*(4/6)/((-4)/(-6))?
7
Suppose 2*h = 3*v - 4104, -4*h + 5666 = 4*v + 194. What is the thousands digit of v?
1
Let h(j) = 134*j + 37. Let v be h(1). Let n = v + 929. What is the hundreds digit of n?
1
Let h(q) = -6*q**3 - 37*q**2 - 6*q + 3. Let j be h(-6). Suppose 4*t + j*r = 380, -t - r + 156 - 61 = 0. What is the tens digit of t?
9
Let m(f) = -23*f**3 + 13*f**2 + 21*f - 3. What is the thousands digit of m(-8)?
2
Let j = -2654 - -1541. Let f = j + 2194. What is the hundreds digit of f?
0
Let a = -80 + 91. Let p(o) = 22*o - 44. What is the tens digit of p(a)?
9
Let w(s) = -s**3 - 7*s**2 + 7*s - 7. Let d be w(-8). Let j(f) be the third derivative of 71*f**5/60 + f**4/8 - f**3/3 - 20*f**2. What is the tens digit of j(d)?
7
Let d = -86 + 86. Let b be 2/((-35)/(-25) + (d - 1)). What is the tens digit of -4*(b - 4) - -30?
2
Let d(y) = -y - 47. Let k(h) = -h. Let n(i) = 3*d(i) + 3*k(i). What is the units digit of n(-36)?
5
Suppose -21*a = 3*a. Suppose -121 - 29 = -q + n, a = -4*q - n + 590. What is the tens digit of q?
4
Let h = 44 - 31. Let b(q) = 3*q - 35. Let a be b(h). What is the units digit of 154/a + (2/(-4) - 0)?
8
Suppose -19 = -3*t - 2*o, -11 + 1 = -5*t + o. Suppose -p - t*z + 659 = -6*z, -4*z = 2*p - 1298. What is the units digit of p?
3
Let l(f) = -853*f - 777. What is the units digit of l(-8)?
7
Let n(a) be the third derivative of 7*a**5/10 - a**4/2 + a**3/2 - 109*a**2. What is the hundreds digit of n(4)?
6
Let y(s) = -36 + 10 - 4*s + 4 + 14. What is the units digit of y(-7)?
0
Let s = -5983 - -37523. What is the ten thousands digit of s?
3
Suppose 0 = -2*n - 9*b + 29347, -8*b = 5*n - 3*b - 73420. What is the tens digit of n?
8
Suppose -4*c - 28459 = -4*d - 3291, 25167 = 4*d - 3*c. What is the tens digit of d?
9
Suppose -3*r - 2*i = -587, 2*r - 4*i = 445 - 59. What is the units digit of r?
5
Let x = 118 - 112. What is the units digit of 251*3 - 0/((-36)/x)?
3
Let t(w) = 6*w**3 + 21*w**2 - 34*w - 19. What is the thousands digit of t(12)?
2
Let x be (3545/15 + -5)*-3. Let l = -399 - x. Let z = 446 - l. What is the units digit of z?
1
Let s = 10221 - 9151. What is the tens digit of s?
7
Let s(z) = 15*z**2 + 48*z - 19. Let n(a) = -5*a**2 - 16*a + 6. Let q(o) = 11*n(o) + 4*s(o). What is the units digit of q(-10)?
0
Suppose -167*x + 174*x - 840 = 0. Let t be (-28)/(-3)*(-18)/(-4). Let p = x - t. What is the tens digit of p?
7
Let b = 58858 + 310. What is the hundreds digit of b?
1
Let y(w) = 1944*w - 6640. What is the units digit of y(10)?
0
Let w = -631 + 1211. Suppose -3*c - j + w = -2*c, 3*c + 4*j = 1745. What is the tens digit of c?
7
Let i be -7 + 2 + 1 + (6 - 2). Suppose i*r - 1200 = -5*r. What is the tens digit of r?
4
Let r(m) = 2*m**3 - 9*m + 7903. What is the tens digit of r(0)?
0
Let x(d) = d**3 - 5*d**2 - 10*d + 9. Let y = 83 + -77. Let u be x(y). Let f = 132 + u. What is the tens digit of f?
1
Suppose 3*t - 158 = 370. Suppose -15*b + 29 - 449 = 0. What is the units digit of t + b/35*(-10)/4?
8
Let d = -54 + 89. Let r(c) = -6*c - 15 + 32 - 2*c - d. What is the tens digit of r(-14)?
9
Suppose -4*f = -30 - 18. Suppose f = 3*g - 4*v + 1, -4*v = g - 9. Suppose 4*t - 5*h - 499 = 0, -g*t - 2*h - 418 = -1017. What is the units digit of t?
1
Let h be 39*(51/15 - (-4)/(-10)). Let z = 121 - h. Suppose z*a + 36 = -4*q + 868, 0 = -3*a + 5*q + 648. What is the units digit of a?
1
Let w be 444/24 + 3/2. Suppose k = 6*k + 4*r + w, r + 5 = -5*k. Suppose -2*n + 392 = 2*g, k*n - 3*n = 2*g - 391. What is the tens digit of g?
9
Let x(r) = 2*r**3 + 3*r**2 - 4*r**2 - 8*r**2